13) to base 5
-40113
Convert -26543 (base 8) to base 6.
-125443
-44 (base 7) to base 5
-112
2174 (base 14) to base 6
42442
What is 207 (base 9) in base 4?
2221
What is -7025 (base 9) in base 15?
-17bb
Convert -1a1 (base 12) to base 14.
-14d
What is 10111011 (base 2) in base 13?
115
What is -723 (base 11) in base 13?
-521
Convert -101010010101110 (base 2) to base 5.
-1143203
Convert 5255 (base 7) to base 8.
3475
-4d2 (base 16) to base 5
-14414
Convert -40402 (base 5) to base 13.
-1252
Convert -1223 (base 10) to base 12.
-85b
What is 855 (base 13) in base 7?
4101
-5111 (base 13) to base 2
-10101110100000
Convert -10111001010111 (base 2) to base 8.
-27127
What is -1765 (base 8) in base 5?
-13023
What is 25254 (base 7) in base 13?
304b
56302 (base 7) to base 4
3132010
-1001100010101110 (base 2) to base 6
-500542
Convert 5627 (base 11) to base 3.
101011110
What is -437 (base 10) in base 5?
-3222
What is 632 (base 11) in base 10?
761
a103 (base 12) to base 2
100010000010011
-16369 (base 10) to base 9
-24407
1110111 (base 2) to base 16
77
212034 (base 5) to base 4
1233220
Convert 122 (base 15) to base 10.
257
-210112221 (base 3) to base 4
-3311200
What is -7a72 (base 15) in base 14?
-967c
1a58 (base 12) to base 3
11102212
-382c (base 13) to base 4
-1330231
What is 744 (base 8) in base 15?
224
What is -11345 (base 6) in base 14?
-85b
Convert -1335 (base 11) to base 2.
-11011000100
Convert 4966 (base 12) to base 9.
12326
Convert -135 (base 6) to base 5.
-214
753 (base 14) to base 7
4133
Convert -ab9 (base 15) to base 10.
-2424
Convert 111100101 (base 2) to base 14.
269
What is 1347 (base 9) in base 13?
601
-14079 (base 14) to base 4
-30011123
What is 343 (base 9) in base 4?
10122
-223 (base 12) to base 8
-473
What is 3443 (base 7) in base 8?
2350
Convert 425 (base 9) to base 16.
15b
Convert -30053 (base 9) to base 14.
-7295
Convert -23635 (base 8) to base 15.
-3011
Convert 10100110110 (base 2) to base 10.
1334
-110011100010 (base 2) to base 8
-6342
-51a8 (base 14) to base 4
-3123300
Convert 1140454 (base 6) to base 5.
3403134
27b8 (base 15) to base 13
3b39
What is 2012 (base 4) in base 3?
11222
748 (base 16) to base 11
1445
Convert -10010001 (base 2) to base 13.
-b2
What is 1101010021 (base 3) in base 9?
41107
-2a046 (base 11) to base 9
-64440
What is 1021011 (base 3) in base 11?
769
Convert -218 (base 10) to base 12.
-162
What is 2110111 (base 3) in base 4?
130003
-21030 (base 4) to base 16
-24c
-1001100010010110 (base 2) to base 14
-10342
What is -85 (base 12) in base 3?
-10202
Convert 2565 (base 14) to base 4.
1212131
-146c (base 15) to base 16
-1119
-1101111011101 (base 2) to base 11
-53a5
What is 7885 (base 13) in base 14?
61cc
What is -440 (base 9) in base 15?
-190
What is 110101100100101 (base 2) in base 9?
41556
-54504 (base 6) to base 15
-236d
Convert 3192 (base 11) to base 4.
1001313
Convert -13547 (base 9) to base 15.
-2ad1
Convert -10000001110 (base 2) to base 16.
-40e
-13123101 (base 4) to base 14
-b129
Convert -1421 (base 6) to base 8.
-565
-a56 (base 12) to base 14
-798
What is -1a3 (base 15) in base 4?
-11322
Convert 4151 (base 8) to base 14.
adb
What is -58 (base 14) in base 5?
-303
Convert 102121 (base 3) to base 5.
2223
3ab1 (base 15) to base 10
12541
-1bb (base 12) to base 14
-167
Convert -2302 (base 4) to base 14.
-ca
Convert 233232 (base 4) to base 16.
bee
-8dd (base 16) to base 15
-a14
Convert 2925 (base 10) to base 12.
1839
What is -100001101111 (base 2) in base 10?
-2159
What is 2125 (base 6) in base 14?
269
Convert 6313 (base 8) to base 14.
129d
Convert 102c5 (base 13) to base 9.
43768
Convert 3060 (base 9) to base 4.
203001
Convert -4813 (base 16) to base 14.
-6a1d
What is -aa90 (base 12) in base 2?
-100100110001100
-44120 (base 5) to base 2
-101111011011
38810 (base 10) to base 5
2220220
Convert 222120 (base 5) to base 15.
2490
What is 111111 (base 3) in base 2?
101101100
What is 7063 (base 12) in base 14?
4615
What is -2122121 (base 3) in base 15?
-88d
What is 609 (base 11) in base 16?
2df
aa74 (base 13) to base 3
1012120211
122112010 (base 3) to base 7
52146
What is 141 (base 7) in base 10?
78
-5235 (base 6) to base 7
-3266
What is -12122212 (base 4) in base 3?
-1100001021
122111212 (base 3) to base 5
402032
161a (base 13) to base 12
1a56
4380 (base 16) to base 12
a000
What is 110111111000 (base 2) in base 4?
313320
Convert -ab0 (base 14) to base 4.
-201002
1314310 (base 5) to base 16
665d
What is 233345 (base 7) in base 5?
2321101
1487 (base 11) to base 16
776
Convert -12c (base 14) to base 8.
-354
What is -740 (base 9) in base 7?
-1521
Convert -424 (base 8) to base 10.
-276
What is -3270 (base 8) in base 3?
-2100201
What is -3566 (base 8) in base 15?
-875
What is -a8a (base 15) in base 13?
-1111
Convert 433123 (base 5) to base 11.
10124
-2075 (base 8) to base 2
-10000111101
-1153 (base 10) to base 2
-10010000001
-289 (base 13) to base 14
-243
Convert 3322341 (base 5) to base 7.
330435
Convert -12210100 (base 3) to base 14.
-1777
-244455 (base 6) to base 10
-21779
38c7 (base 13) to base 4
1332222
What is 314242 (base 6) in base 15?
78ab
Convert 11023 (base 5) to base 14.
3c7
Convert -10d9 (base 14) to base 15.
-d0a
What is -130336 (base 7) in base 11?
-17196
11389 (base 13) to base 16
7a92
-101011001011 (base 2) to base 3
-10210100
Convert 4c7 (base 14) to base 5.
12314
What is 200120 (base 6) in base 9?
23353
Convert -19 (base 11) to base 4.
-110
-223 (base 12) to base 6
-1243
Convert 204612 (base 7) to base 9.
53360
Convert 33314 (base 5) to base 10.
2334
Convert 104405 (base 6) to base 14.
32bb
Convert 764 (base 8) to base 9.
615
Convert -1448 (base 10) to base 2.
-10110101000
1101011100110 (base 2) to base 13
3199
-10010011101 (base 2) to base 6
-5245
What is 362 (base 8) in base 2?
11110010
6054 (base 14) to base 9
24615
What is -802 (base 9) in base 2?
-1010001010
Convert -121101 (base 3) to base 13.
-280
4ed (base 15) to base 5
13443
What is 856 (base 13) in base 5?
21143
What is 110211 (base 3) in base 15?
181
What is 4143 (base 5) in base 11?
459
13303 (base 14) to base 16
b887
309 (base 15) to base 2
1010101100
Convert -4044 (base 9) to base 13.
-1465
Convert -51b (base 13) to base 9.
-1165
What is 2bb (base 12) in base 7?
1154
What is -72a (base 13) in base 15?
-564
Convert -104 (base 11) to base 10.
-125
Convert 1021112 (base 3) to base 14.
4a8
323122 (base 4) to base 3
12012211
-2522 (base 8) to base 10
-1362
1170 (base 8) to base 10
632
Convert -111 (base 10) to base 16.
-6f
Convert 2354 (base 6) to base 7.
1450
Convert 50455 (base 7) to base 2.
10111111010001
Convert -c22 (base 16) to base 11.
-2374
Convert 14aa (base 11) to base 12.
1153
21811 (base 13) to base 7
341632
e33 (base 15) to base 4
301332
-9be (base 15) to base 13
-1007
What is -6a6 (base 16) in base 8?
-3246
Convert 331300 (base 4) to base 12.
2354
What is 1713 (base 12) in base 9?
3686
What is -a96 (base 14) in base 13?
-c4c
1100100100111111 (base 2) to base 5
3122034
Convert -100100000011 (base 2) to base 16.
-903
-151d (base 15) to base 14
-1916
Convert -3544 (base 7) to base 10.
-1306
-20012010 (base 3) to base 10
-4512
-436 (base 11) to base 15
-24d
Convert -c078 (base 13) to base 3.
-1100022010
-14223 (base 6) to base 9
-3066
-9456 (base 12) to base 10
-16194
6d3 (base 14) to base 16
551
-a85 (base 12) to base 7
-4331
Convert 70886 (base 9) to base 10.
46653
Convert 533 (base 12) to base 14.
3c3
Convert -490 (base 14) to base 10.
-910
What is -111631 (base 9) in base 4?
-100110211
What is -47a (base 11) in base 9?
-704
5574 (base 11) to base 7
30255
-32321 (base 5) to base 14
-b3d
309 (base 12) to base 8
671
Convert -65326 (base 8) to base 5.
-1333400
What is e2c (base 15) in base 13?
15b7
Convert 2aec (base 15) to base 8.
22006
Convert 288 (base 13) to base 11.
37a
8387 (base 12) to base 15
43c4
What is -16696 (base 12) in base 2?
-111110101010010
Convert 628 (base 9) to base 4.
20000
Convert 3 (base 10) to base 8.
3
What is 2c (base 15) in base 16?
2a
1001010011 (base 2) to base 8
1123
-333021 (base 4) to base 8
-7711
Convert -680 (base 11) to base 13.
-4a8
What is 16335 (base 7) in base 8?
11030
6a1 (base 15) to base 13
8b6
What is 6aa7 (base 13) in base 12?
8829
Convert 184 (base 16) to base 3.
112101
-204 (base 12) to base 6
-1